{"id":60,"date":"2022-02-21T15:22:55","date_gmt":"2022-02-21T14:22:55","guid":{"rendered":"https:\/\/osseus.aimnow.art\/?page_id=60"},"modified":"2026-03-08T11:35:46","modified_gmt":"2026-03-08T10:35:46","slug":"cennik","status":"publish","type":"page","link":"https:\/\/osseus.pl\/?page_id=60","title":{"rendered":"Cennik"},"content":{"rendered":"<p>[et_pb_section fb_built=&#8221;1&#8243; admin_label=&#8221;Hero Section&#8221; _builder_version=&#8221;4.16&#8243; use_background_color_gradient=&#8221;on&#8221; background_color_gradient_direction=&#8221;105deg&#8221; background_color_gradient_stops=&#8221;#70b2be 0%|#ffffff 100%&#8221; background_color_gradient_start=&#8221;#70b2be&#8221; background_color_gradient_end=&#8221;#ffffff&#8221; custom_padding=&#8221;60px|0px|60px|0px&#8221; global_colors_info=&#8221;{}&#8221;][et_pb_row _builder_version=&#8221;4.16&#8243; background_size=&#8221;initial&#8221; background_position=&#8221;top_left&#8221; background_repeat=&#8221;repeat&#8221; global_colors_info=&#8221;{}&#8221;][et_pb_column type=&#8221;4_4&#8243; _builder_version=&#8221;4.16&#8243; custom_padding=&#8221;|||&#8221; global_colors_info=&#8221;{}&#8221; custom_padding__hover=&#8221;|||&#8221;][et_pb_text _builder_version=&#8221;4.16&#8243; text_font=&#8221;Poppins||||||||&#8221; text_text_color=&#8221;rgba(255,255,255,0.8)&#8221; text_font_size=&#8221;18px&#8221; text_line_height=&#8221;1.8em&#8221; header_font=&#8221;Roboto||||||||&#8221; header_text_color=&#8221;#ffffff&#8221; header_font_size=&#8221;48px&#8221; header_line_height=&#8221;1.4em&#8221; header_3_font=&#8221;Poppins|600|||||||&#8221; header_3_font_size=&#8221;36px&#8221; header_3_line_height=&#8221;1.4em&#8221; background_layout=&#8221;dark&#8221; max_width=&#8221;600px&#8221; module_alignment=&#8221;left&#8221; custom_margin=&#8221;|||&#8221; locked=&#8221;off&#8221; inline_fonts=&#8221;Roboto&#8221; global_colors_info=&#8221;{}&#8221;]<\/p>\n<h1><strong><span style=\"font-family: Roboto;\">Cennik<\/span><\/strong><\/h1>\n<p>&nbsp;<\/p>\n<p>[\/et_pb_text][\/et_pb_column][\/et_pb_row][\/et_pb_section][et_pb_section fb_built=&#8221;1&#8243; admin_label=&#8221;Classes Section&#8221; _builder_version=&#8221;4.16&#8243; background_color=&#8221;#fafbfc&#8221; custom_margin=&#8221;-5px|||||&#8221; custom_padding=&#8221;110px|0px|110px|0px&#8221; global_colors_info=&#8221;{}&#8221;][et_pb_row admin_label=&#8221;Row&#8221; _builder_version=&#8221;4.16&#8243; min_height=&#8221;94px&#8221; custom_margin=&#8221;-88px|auto||auto||&#8221; global_colors_info=&#8221;{}&#8221;][et_pb_column type=&#8221;4_4&#8243; _builder_version=&#8221;4.16&#8243; custom_padding=&#8221;|||&#8221; global_colors_info=&#8221;{}&#8221; custom_padding__hover=&#8221;|||&#8221;][et_pb_text _builder_version=&#8221;4.16&#8243; _module_preset=&#8221;default&#8221; text_font=&#8221;Roboto||||||||&#8221; global_colors_info=&#8221;{}&#8221;]<\/p>\n<h3 style=\"text-align: center;\"><strong>Cennik<\/strong><\/h3>\n<h3 style=\"text-align: center;\">Gabinet fizjoterapii <\/h3>\n<p>[\/et_pb_text][\/et_pb_column][\/et_pb_row][et_pb_row _builder_version=&#8221;4.27.4&#8243; _module_preset=&#8221;default&#8221; locked=&#8221;off&#8221; global_colors_info=&#8221;{}&#8221;][et_pb_column type=&#8221;4_4&#8243; _builder_version=&#8221;4.27.4&#8243; _module_preset=&#8221;default&#8221; global_colors_info=&#8221;{}&#8221;][et_pb_pricing_tables _builder_version=&#8221;4.27.6&#8243; _module_preset=&#8221;default&#8221; hover_enabled=&#8221;0&#8243; global_colors_info=&#8221;{}&#8221; sticky_enabled=&#8221;0&#8243;][et_pb_pricing_table title=&#8221;Wizyta fizjoterapeutyczna&#8221; sum=&#8221;200 z\u0142&#8221; _builder_version=&#8221;4.27.6&#8243; _module_preset=&#8221;default&#8221; hover_enabled=&#8221;0&#8243; global_colors_info=&#8221;{}&#8221; sticky_transition=&#8221;on&#8221; sticky_enabled=&#8221;0&#8243;]<\/p>\n<p><strong>(wykonywane przez\u00a0<a href=\"https:\/\/osseus.pl\/?page_id=70\">mgr\u00a0Jan Hankus<\/a>, <a href=\"https:\/\/osseus.pl\/?page_id=73\">mgr\u00a0Piotr Klocek<\/a>, <a href=\"https:\/\/osseus.pl\/?page_id=521\">mgr\u00a0Bart\u0142omiej Pancerz,<\/a> <a href=\"https:\/\/osseus.pl\/?page_id=610\">mgr\u00a0Micha\u0142 J\u0119drzejczyk<\/a>, <a href=\"https:\/\/osseus.pl\/?page_id=642\"><span>Wiktoria Znamirowska<\/span><\/a>)<\/strong><\/p>\n<p>[\/et_pb_pricing_table][et_pb_pricing_table title=&#8221;Terapia z\u00a0u\u017cyciem metod inwazyjnych &#8221; sum=&#8221;220 z\u0142&#8221; _builder_version=&#8221;4.27.6&#8243; _module_preset=&#8221;default&#8221; global_colors_info=&#8221;{}&#8221; sticky_transition=&#8221;on&#8221;]<\/p>\n<p style=\"text-align: center;\"><strong>(elektroliza EPTE\/ neuromodulacja NMP wykonywane pod\u00a0kontrol\u0105 USG)<\/strong><\/p>\n<p style=\"text-align: center;\"><strong>(wykonywane przez\u00a0<a href=\"https:\/\/osseus.pl\/?page_id=70\">mgr\u00a0Jan Hankus<\/a>, <a href=\"https:\/\/osseus.pl\/?page_id=73\">mgr\u00a0Piotr Klocek<\/a>, <a href=\"https:\/\/osseus.pl\/?page_id=521\">mgr\u00a0Bart\u0142omiej Pancerz<\/a>)<\/strong><\/p>\n<p>[\/et_pb_pricing_table][et_pb_pricing_table title=&#8221;Wizyta fizjoterapeutyczna uroginekologiczna&#8221; sum=&#8221;200 z\u0142&#8221; _builder_version=&#8221;4.27.6&#8243; _module_preset=&#8221;default&#8221; global_colors_info=&#8221;{}&#8221; sticky_transition=&#8221;on&#8221;]<\/p>\n<p style=\"text-align: left;\"><strong><a href=\"https:\/\/osseus.pl\/?page_id=642\"><span>Wiktoria Znamirowska <\/span><\/a>Fizjoterapia uroginekologiczna<\/strong><\/p>\n<p>[\/et_pb_pricing_table][\/et_pb_pricing_tables][\/et_pb_column][\/et_pb_row][et_pb_row column_structure=&#8221;1_4,1_2,1_4&#8243; admin_label=&#8221;Class&#8221; _builder_version=&#8221;4.16&#8243; background_color=&#8221;#ffffff&#8221; custom_margin=&#8221;||60px|&#8221; custom_padding=&#8221;|40px||40px&#8221; animation_style=&#8221;fade&#8221; border_radii=&#8221;on|6px|6px|6px|6px&#8221; box_shadow_style=&#8221;preset1&#8243; box_shadow_vertical=&#8221;10px&#8221; box_shadow_blur=&#8221;24px&#8221; box_shadow_spread=&#8221;6px&#8221; box_shadow_color=&#8221;rgba(0,0,0,0.06)&#8221; global_colors_info=&#8221;{}&#8221;][et_pb_column type=&#8221;1_4&#8243; _builder_version=&#8221;4.16&#8243; custom_padding=&#8221;|||&#8221; global_colors_info=&#8221;{}&#8221; custom_padding__hover=&#8221;|||&#8221;][\/et_pb_column][et_pb_column type=&#8221;1_2&#8243; _builder_version=&#8221;4.16&#8243; custom_padding=&#8221;|||&#8221; global_colors_info=&#8221;{}&#8221; custom_padding__hover=&#8221;|||&#8221;][et_pb_text _builder_version=&#8221;4.27.4&#8243; _module_preset=&#8221;default&#8221; text_font=&#8221;Roboto|300|||||||&#8221; global_colors_info=&#8221;{}&#8221;]<\/p>\n<p>Szanujemy czas naszych pacjent\u00f3w dlatego prosimy, aby Pa\u0144stwo szanowali r\u00f3wnie\u017c nasz czas i\u00a0zjawiali si\u0119 na\u00a0terapi\u0119 najlepiej kilka minut wcze\u015bniej, \u017ceby\u00a0spokojnie zaparkowa\u0107 oraz\u00a0przygotowa\u0107 si\u0119 do\u00a0wizyty.<\/p>\n<p>W\u00a0przypadkach kiedy pacjent nie\u00a0mo\u017ce dotrze\u0107 lub wie o\u00a0sp\u00f3\u017anieniu prosimy o\u00a0wcze\u015bniejszy kontakt. By\u0107 mo\u017ce jaka\u015b inna osoba w\u00a0potrzebie czeka\u00a0 \u00a0 \u00a0 \u00a0 \u00a0na wolny termin.<\/p>\n<p>&nbsp;<\/p>\n<h4>Pacjent, kt\u00f3ry&nbsp;pomimo zaplanowanej wizyty nie&nbsp;zjawi si\u0119 na&nbsp;terapii, bez&nbsp;wcze\u015bniejszego kilkugodzinnego powiadomienia terapeuty o&nbsp;odwo\u0142aniu lub prze\u0142o\u017ceniu terminu wizyty, zostanie obci\u0105\u017cony kwot\u0105 50% kosztu jednej terapii.<\/h4>\n<p>[\/et_pb_text][\/et_pb_column][et_pb_column type=&#8221;1_4&#8243; _builder_version=&#8221;4.16&#8243; custom_padding=&#8221;|||&#8221; global_colors_info=&#8221;{}&#8221; custom_padding__hover=&#8221;|||&#8221;][\/et_pb_column][\/et_pb_row][et_pb_row _builder_version=&#8221;4.16&#8243; _module_preset=&#8221;default&#8221; global_colors_info=&#8221;{}&#8221;][et_pb_column type=&#8221;4_4&#8243; _builder_version=&#8221;4.16&#8243; _module_preset=&#8221;default&#8221; global_colors_info=&#8221;{}&#8221;][et_pb_image src=&#8221;https:\/\/osseus.pl\/wp-content\/uploads\/2022\/02\/gotowka-i-karta.jpg&#8221; alt=&#8221;cennik fizjoterapia&#8221; title_text=&#8221;cennik fizjoterapia&#8221; _builder_version=&#8221;4.16&#8243; _module_preset=&#8221;default&#8221; width=&#8221;7%&#8221; module_alignment=&#8221;center&#8221; global_colors_info=&#8221;{}&#8221;][\/et_pb_image][et_pb_text _builder_version=&#8221;4.24.2&#8243; _module_preset=&#8221;default&#8221; text_font=&#8221;Roboto||||||||&#8221; text_font_size=&#8221;20px&#8221; text_letter_spacing=&#8221;1px&#8221; custom_margin=&#8221;|0px||21px|false|false&#8221; global_colors_info=&#8221;{}&#8221;]<\/p>\n<p style=\"text-align: center;\"><span>Akceptujemy p\u0142atno\u015bci got\u00f3wk\u0105 kart\u0105 i&nbsp;blikiem<\/span><\/p>\n<p>[\/et_pb_text][\/et_pb_column][\/et_pb_row][\/et_pb_section]<\/p>\n","protected":false},"excerpt":{"rendered":"<p>Cennik &nbsp;Cennik Gabinet fizjoterapii (wykonywane przez\u00a0mgr\u00a0Jan Hankus, mgr\u00a0Piotr Klocek, mgr\u00a0Bart\u0142omiej Pancerz, mgr\u00a0Micha\u0142 J\u0119drzejczyk, Wiktoria Znamirowska)(elektroliza EPTE\/ neuromodulacja NMP wykonywane pod\u00a0kontrol\u0105 USG) (wykonywane przez\u00a0mgr\u00a0Jan Hankus, mgr\u00a0Piotr Klocek, mgr\u00a0Bart\u0142omiej Pancerz)Wiktoria Znamirowska Fizjoterapia uroginekologicznaSzanujemy czas naszych pacjent\u00f3w dlatego prosimy, aby Pa\u0144stwo szanowali r\u00f3wnie\u017c nasz czas i\u00a0zjawiali si\u0119 na\u00a0terapi\u0119 najlepiej kilka minut wcze\u015bniej, \u017ceby\u00a0spokojnie zaparkowa\u0107 oraz\u00a0przygotowa\u0107 si\u0119 do\u00a0wizyty. W\u00a0przypadkach [&hellip;]<\/p>\n","protected":false},"author":1,"featured_media":0,"parent":0,"menu_order":0,"comment_status":"closed","ping_status":"closed","template":"","meta":{"_et_pb_use_builder":"on","_et_pb_old_content":"","_et_gb_content_width":"","footnotes":""},"class_list":["post-60","page","type-page","status-publish","hentry"],"yoast_head":"<!-- This site is optimized with the Yoast SEO plugin v27.1.1 - https:\/\/yoast.com\/product\/yoast-seo-wordpress\/ -->\n<title>Cennik - Osseus fizjoterapia<\/title>\n<meta name=\"description\" content=\"Cennik gabinet fizjoterapii. Dobieramy indywidualnie formy terapii dla pacjenta w celu zmaksymalizowania efektu.\" \/>\n<meta name=\"robots\" content=\"index, follow, max-snippet:-1, max-image-preview:large, max-video-preview:-1\" \/>\n<link rel=\"canonical\" href=\"https:\/\/osseus.pl\/?page_id=60\" \/>\n<meta property=\"og:locale\" content=\"pl_PL\" \/>\n<meta property=\"og:type\" content=\"article\" \/>\n<meta property=\"og:title\" content=\"Cennik - Osseus fizjoterapia\" \/>\n<meta property=\"og:description\" content=\"Cennik gabinet fizjoterapii. Dobieramy indywidualnie formy terapii dla pacjenta w celu zmaksymalizowania efektu.\" \/>\n<meta property=\"og:url\" content=\"https:\/\/osseus.pl\/?page_id=60\" \/>\n<meta property=\"og:site_name\" content=\"Osseus fizjoterapia\" \/>\n<meta property=\"article:modified_time\" content=\"2026-03-08T10:35:46+00:00\" \/>\n<meta name=\"twitter:card\" content=\"summary_large_image\" \/>\n<meta name=\"twitter:label1\" content=\"Szacowany czas czytania\" \/>\n\t<meta name=\"twitter:data1\" content=\"3 minuty\" \/>\n<script type=\"application\/ld+json\" class=\"yoast-schema-graph\">{\"@context\":\"https:\/\/schema.org\",\"@graph\":[{\"@type\":\"WebPage\",\"@id\":\"https:\/\/osseus.pl\/?page_id=60\",\"url\":\"https:\/\/osseus.pl\/?page_id=60\",\"name\":\"Cennik - Osseus fizjoterapia\",\"isPartOf\":{\"@id\":\"https:\/\/osseus.pl\/#website\"},\"datePublished\":\"2022-02-21T14:22:55+00:00\",\"dateModified\":\"2026-03-08T10:35:46+00:00\",\"description\":\"Cennik gabinet fizjoterapii. Dobieramy indywidualnie formy terapii dla pacjenta w celu zmaksymalizowania efektu.\",\"breadcrumb\":{\"@id\":\"https:\/\/osseus.pl\/?page_id=60#breadcrumb\"},\"inLanguage\":\"pl-PL\",\"potentialAction\":[{\"@type\":\"ReadAction\",\"target\":[\"https:\/\/osseus.pl\/?page_id=60\"]}]},{\"@type\":\"BreadcrumbList\",\"@id\":\"https:\/\/osseus.pl\/?page_id=60#breadcrumb\",\"itemListElement\":[{\"@type\":\"ListItem\",\"position\":1,\"name\":\"Home\",\"item\":\"https:\/\/osseus.pl\/\"},{\"@type\":\"ListItem\",\"position\":2,\"name\":\"Cennik\"}]},{\"@type\":\"WebSite\",\"@id\":\"https:\/\/osseus.pl\/#website\",\"url\":\"https:\/\/osseus.pl\/\",\"name\":\"Osseus fizjoterapia\",\"description\":\"Osseus fizjoterapia Krak\u00f3w\",\"potentialAction\":[{\"@type\":\"SearchAction\",\"target\":{\"@type\":\"EntryPoint\",\"urlTemplate\":\"https:\/\/osseus.pl\/?s={search_term_string}\"},\"query-input\":{\"@type\":\"PropertyValueSpecification\",\"valueRequired\":true,\"valueName\":\"search_term_string\"}}],\"inLanguage\":\"pl-PL\"}]}<\/script>\n<!-- \/ Yoast SEO plugin. -->","yoast_head_json":{"title":"Cennik - Osseus fizjoterapia","description":"Cennik gabinet fizjoterapii. Dobieramy indywidualnie formy terapii dla pacjenta w celu zmaksymalizowania efektu.","robots":{"index":"index","follow":"follow","max-snippet":"max-snippet:-1","max-image-preview":"max-image-preview:large","max-video-preview":"max-video-preview:-1"},"canonical":"https:\/\/osseus.pl\/?page_id=60","og_locale":"pl_PL","og_type":"article","og_title":"Cennik - Osseus fizjoterapia","og_description":"Cennik gabinet fizjoterapii. Dobieramy indywidualnie formy terapii dla pacjenta w celu zmaksymalizowania efektu.","og_url":"https:\/\/osseus.pl\/?page_id=60","og_site_name":"Osseus fizjoterapia","article_modified_time":"2026-03-08T10:35:46+00:00","twitter_card":"summary_large_image","twitter_misc":{"Szacowany czas czytania":"3 minuty"},"schema":{"@context":"https:\/\/schema.org","@graph":[{"@type":"WebPage","@id":"https:\/\/osseus.pl\/?page_id=60","url":"https:\/\/osseus.pl\/?page_id=60","name":"Cennik - Osseus fizjoterapia","isPartOf":{"@id":"https:\/\/osseus.pl\/#website"},"datePublished":"2022-02-21T14:22:55+00:00","dateModified":"2026-03-08T10:35:46+00:00","description":"Cennik gabinet fizjoterapii. Dobieramy indywidualnie formy terapii dla pacjenta w celu zmaksymalizowania efektu.","breadcrumb":{"@id":"https:\/\/osseus.pl\/?page_id=60#breadcrumb"},"inLanguage":"pl-PL","potentialAction":[{"@type":"ReadAction","target":["https:\/\/osseus.pl\/?page_id=60"]}]},{"@type":"BreadcrumbList","@id":"https:\/\/osseus.pl\/?page_id=60#breadcrumb","itemListElement":[{"@type":"ListItem","position":1,"name":"Home","item":"https:\/\/osseus.pl\/"},{"@type":"ListItem","position":2,"name":"Cennik"}]},{"@type":"WebSite","@id":"https:\/\/osseus.pl\/#website","url":"https:\/\/osseus.pl\/","name":"Osseus fizjoterapia","description":"Osseus fizjoterapia Krak\u00f3w","potentialAction":[{"@type":"SearchAction","target":{"@type":"EntryPoint","urlTemplate":"https:\/\/osseus.pl\/?s={search_term_string}"},"query-input":{"@type":"PropertyValueSpecification","valueRequired":true,"valueName":"search_term_string"}}],"inLanguage":"pl-PL"}]}},"_links":{"self":[{"href":"https:\/\/osseus.pl\/index.php?rest_route=\/wp\/v2\/pages\/60","targetHints":{"allow":["GET"]}}],"collection":[{"href":"https:\/\/osseus.pl\/index.php?rest_route=\/wp\/v2\/pages"}],"about":[{"href":"https:\/\/osseus.pl\/index.php?rest_route=\/wp\/v2\/types\/page"}],"author":[{"embeddable":true,"href":"https:\/\/osseus.pl\/index.php?rest_route=\/wp\/v2\/users\/1"}],"replies":[{"embeddable":true,"href":"https:\/\/osseus.pl\/index.php?rest_route=%2Fwp%2Fv2%2Fcomments&post=60"}],"version-history":[{"count":25,"href":"https:\/\/osseus.pl\/index.php?rest_route=\/wp\/v2\/pages\/60\/revisions"}],"predecessor-version":[{"id":697,"href":"https:\/\/osseus.pl\/index.php?rest_route=\/wp\/v2\/pages\/60\/revisions\/697"}],"wp:attachment":[{"href":"https:\/\/osseus.pl\/index.php?rest_route=%2Fwp%2Fv2%2Fmedia&parent=60"}],"curies":[{"name":"wp","href":"https:\/\/api.w.org\/{rel}","templated":true}]}}